{"id":1012,"date":"2021-04-06T20:53:10","date_gmt":"2021-04-06T18:53:10","guid":{"rendered":"https:\/\/peter-hess-muehle.de\/shop\/produkt\/gelenk-uni-spezphks9-g-goe\/"},"modified":"2025-02-11T19:32:12","modified_gmt":"2025-02-11T18:32:12","slug":"gelenk-uni-spezphks9-g-goe","status":"publish","type":"product","link":"https:\/\/peter-hess-muehle.de\/shop\/produkt\/gelenk-uni-spezphks9-g-goe\/","title":{"rendered":"Universalschale mit Griff &#038; \u00d6se"},"content":{"rendered":"<p>Universalschale Spezial Klangschale (incl.Griff,innen\/au\u00dfen &amp; Aufh\u00e4nge\u00f6se)<br \/>\nPeter Hess\u00ae Therapie Klangschale (phKS9-G\/G\u00d6)<\/p>\n<p>Peter Hess\u00ae Therapie Klangschale Gelenk- bzw. Universalschale mit Griff und Aufh\u00e4nge\u00f6se (innen\/au\u00dfen). Die Klangschale besitzt ein breites Klangspektrum und kann mit verschiedenen Schl\u00e4geln universell f\u00fcr den ganzen K\u00f6rper eingesetzt werden. Daher der Name: \u201eUniversalschale\u201c. Durch eine spezielle Konstruktion kann an der Klangschale ein Haltegriff (innen und au\u00dfen) oder auch eine Aufh\u00e4nge\u00f6se angeschraubt werden.<\/p>\n<p>Im Bereich der Behindertenarbeit und f\u00fcr Heil- und Heilfachberufe ist diese Klangschale eine Erg\u00e4nzung zu den Basis Klangschalen. Auch in der Klangmassage mit Tieren (z.B. Pferden) ist diese Konstruktion hilfreich.<\/p>\n<p>Die Spezialklangschale kann absolut sicher vertikal und horizontal gef\u00fchrt werden und so, in der Behindertenarbeit und in Kliniken, bei der Arbeit in der Klangmassage sehr hilfreich sein.<\/p>\n","protected":false},"excerpt":{"rendered":"<p>Gewicht ca.: 1,19 kg<br \/>\nH\u00f6he: 8 cm<br \/>\n\u00d8: ca. 21-22 cm<\/p>\n","protected":false},"featured_media":3142,"template":"","meta":{"_et_pb_use_builder":"","_et_pb_old_content":"","_et_gb_content_width":""},"product_brand":[],"product_cat":[52,94],"product_tag":[],"class_list":{"0":"post-1012","1":"product","2":"type-product","3":"status-publish","4":"has-post-thumbnail","6":"product_cat-peter-hess-therapieklangschale","7":"product_cat-peter-hess-spezial-klangschalen","9":"first","10":"instock","11":"taxable","12":"shipping-taxable","13":"purchasable","14":"product-type-simple"},"_links":{"self":[{"href":"https:\/\/peter-hess-muehle.de\/shop\/wp-json\/wp\/v2\/product\/1012","targetHints":{"allow":["GET"]}}],"collection":[{"href":"https:\/\/peter-hess-muehle.de\/shop\/wp-json\/wp\/v2\/product"}],"about":[{"href":"https:\/\/peter-hess-muehle.de\/shop\/wp-json\/wp\/v2\/types\/product"}],"wp:featuredmedia":[{"embeddable":true,"href":"https:\/\/peter-hess-muehle.de\/shop\/wp-json\/wp\/v2\/media\/3142"}],"wp:attachment":[{"href":"https:\/\/peter-hess-muehle.de\/shop\/wp-json\/wp\/v2\/media?parent=1012"}],"wp:term":[{"taxonomy":"product_brand","embeddable":true,"href":"https:\/\/peter-hess-muehle.de\/shop\/wp-json\/wp\/v2\/product_brand?post=1012"},{"taxonomy":"product_cat","embeddable":true,"href":"https:\/\/peter-hess-muehle.de\/shop\/wp-json\/wp\/v2\/product_cat?post=1012"},{"taxonomy":"product_tag","embeddable":true,"href":"https:\/\/peter-hess-muehle.de\/shop\/wp-json\/wp\/v2\/product_tag?post=1012"}],"curies":[{"name":"wp","href":"https:\/\/api.w.org\/{rel}","templated":true}]}}

Universalschale mit Griff &#038; Öse

<p>Universalschale Spezial Klangschale (incl.Griff,innen/außen &amp; Aufhängeöse)<br />
Peter Hess® Therapie Klangschale (phKS9-G/GÖ)</p>
<p>Peter Hess® Therapie Klangschale Gelenk- bzw. Universalschale mit Griff und Aufhängeöse (innen/außen). Die Klangschale besitzt ein breites Klangspektrum und kann mit verschiedenen Schlägeln universell für den ganzen Körper eingesetzt werden. Daher der Name: „Universalschale“. Durch eine spezielle Konstruktion kann an der Klangschale ein Haltegriff (innen und außen) oder auch eine Aufhängeöse angeschraubt werden.</p>
<p>Im Bereich der Behindertenarbeit und für Heil- und Heilfachberufe ist diese Klangschale eine Ergänzung zu den Basis Klangschalen. Auch in der Klangmassage mit Tieren (z.B. Pferden) ist diese Konstruktion hilfreich.</p>
<p>Die Spezialklangschale kann absolut sicher vertikal und horizontal geführt werden und so, in der Behindertenarbeit und in Kliniken, bei der Arbeit in der Klangmassage sehr hilfreich sein.</p>

<p>Gewicht ca.: 1,19 kg<br />
Höhe: 8 cm<br />
Ø: ca. 21-22 cm</p>
