{"id":1020,"date":"2021-04-06T22:05:20","date_gmt":"2021-04-06T20:05:20","guid":{"rendered":"https:\/\/peter-hess-muehle.de\/shop\/produkt\/beckenschale-gr-phks9-u2-goe\/"},"modified":"2025-02-11T19:41:13","modified_gmt":"2025-02-11T18:41:13","slug":"beckenschale-gr-phks9-u2-goe","status":"publish","type":"product","link":"https:\/\/peter-hess-muehle.de\/shop\/produkt\/beckenschale-gr-phks9-u2-goe\/","title":{"rendered":"Gro\u00dfe Beckenschale mit Griff &#038; \u00d6se"},"content":{"rendered":"<p>Diese Klangschale bietet mit ihren tiefen T\u00f6nen Entspannung f\u00fcr den unteren R\u00fccken und den Beckenbereich. Die gro\u00dfe Beckenschale ist in der Klangintensit\u00e4t st\u00e4rker als die kleine Beckenschale und wird f\u00fcr den professionellen Einsatz bevorzugt.<\/p>\n","protected":false},"excerpt":{"rendered":"<p>Gewicht ca.: 2,18 kg<br \/>\nH\u00f6he: 11-12,5 cm<br \/>\n\u00d8: ca. 28,5 cm<\/p>\n","protected":false},"featured_media":3142,"template":"","meta":{"_et_pb_use_builder":"","_et_pb_old_content":"","_et_gb_content_width":""},"product_brand":[],"product_cat":[52,94],"product_tag":[],"class_list":{"0":"post-1020","1":"product","2":"type-product","3":"status-publish","4":"has-post-thumbnail","6":"product_cat-peter-hess-therapieklangschale","7":"product_cat-peter-hess-spezial-klangschalen","9":"first","10":"instock","11":"taxable","12":"shipping-taxable","13":"purchasable","14":"product-type-simple"},"_links":{"self":[{"href":"https:\/\/peter-hess-muehle.de\/shop\/wp-json\/wp\/v2\/product\/1020","targetHints":{"allow":["GET"]}}],"collection":[{"href":"https:\/\/peter-hess-muehle.de\/shop\/wp-json\/wp\/v2\/product"}],"about":[{"href":"https:\/\/peter-hess-muehle.de\/shop\/wp-json\/wp\/v2\/types\/product"}],"wp:featuredmedia":[{"embeddable":true,"href":"https:\/\/peter-hess-muehle.de\/shop\/wp-json\/wp\/v2\/media\/3142"}],"wp:attachment":[{"href":"https:\/\/peter-hess-muehle.de\/shop\/wp-json\/wp\/v2\/media?parent=1020"}],"wp:term":[{"taxonomy":"product_brand","embeddable":true,"href":"https:\/\/peter-hess-muehle.de\/shop\/wp-json\/wp\/v2\/product_brand?post=1020"},{"taxonomy":"product_cat","embeddable":true,"href":"https:\/\/peter-hess-muehle.de\/shop\/wp-json\/wp\/v2\/product_cat?post=1020"},{"taxonomy":"product_tag","embeddable":true,"href":"https:\/\/peter-hess-muehle.de\/shop\/wp-json\/wp\/v2\/product_tag?post=1020"}],"curies":[{"name":"wp","href":"https:\/\/api.w.org\/{rel}","templated":true}]}}