{"id":1231,"date":"2021-04-26T22:53:20","date_gmt":"2021-04-26T20:53:20","guid":{"rendered":"https:\/\/peter-hess-muehle.de\/shop\/produkt\/fs-3-filzschlaegelhart\/"},"modified":"2025-12-31T18:50:47","modified_gmt":"2025-12-31T17:50:47","slug":"fs-3-filzschlaegelhart","status":"publish","type":"product","link":"https:\/\/peter-hess-muehle.de\/shop\/produkt\/fs-3-filzschlaegelhart\/","title":{"rendered":"Filzschl\u00e4gel-hart,\u00d8 7,5 cm(FS-3)"},"content":{"rendered":"<p>Die Standardausf\u00fchrung des Filzschl\u00e4gels in mittlerer H\u00e4rte mit Holzstiel und durch Schraube fixiertem Kopf.<\/p>\n<p>Empfohlen f\u00fcr Gelenk-\/Universal- und Beckenschale.<\/p>\n","protected":false},"excerpt":{"rendered":"<p>ca. \u00d8 7,5 cm<br \/>\nGriffl\u00e4nge: 28 cm<br \/>\nFarbe: grau<\/p>\n","protected":false},"featured_media":4861,"template":"","meta":{"_et_pb_use_builder":"","_et_pb_old_content":"","_et_gb_content_width":""},"product_brand":[],"product_cat":[62,54],"product_tag":[],"class_list":{"0":"post-1231","1":"product","2":"type-product","3":"status-publish","4":"has-post-thumbnail","6":"product_cat-filzschlaegel","7":"product_cat-schlaegel","9":"first","10":"instock","11":"taxable","12":"shipping-taxable","13":"purchasable","14":"product-type-simple"},"_links":{"self":[{"href":"https:\/\/peter-hess-muehle.de\/shop\/wp-json\/wp\/v2\/product\/1231","targetHints":{"allow":["GET"]}}],"collection":[{"href":"https:\/\/peter-hess-muehle.de\/shop\/wp-json\/wp\/v2\/product"}],"about":[{"href":"https:\/\/peter-hess-muehle.de\/shop\/wp-json\/wp\/v2\/types\/product"}],"wp:featuredmedia":[{"embeddable":true,"href":"https:\/\/peter-hess-muehle.de\/shop\/wp-json\/wp\/v2\/media\/4861"}],"wp:attachment":[{"href":"https:\/\/peter-hess-muehle.de\/shop\/wp-json\/wp\/v2\/media?parent=1231"}],"wp:term":[{"taxonomy":"product_brand","embeddable":true,"href":"https:\/\/peter-hess-muehle.de\/shop\/wp-json\/wp\/v2\/product_brand?post=1231"},{"taxonomy":"product_cat","embeddable":true,"href":"https:\/\/peter-hess-muehle.de\/shop\/wp-json\/wp\/v2\/product_cat?post=1231"},{"taxonomy":"product_tag","embeddable":true,"href":"https:\/\/peter-hess-muehle.de\/shop\/wp-json\/wp\/v2\/product_tag?post=1231"}],"curies":[{"name":"wp","href":"https:\/\/api.w.org\/{rel}","templated":true}]}}