{"id":1239,"date":"2021-04-30T19:17:48","date_gmt":"2021-04-30T17:17:48","guid":{"rendered":"https:\/\/peter-hess-muehle.de\/shop\/produkt\/fs-1dkinder-doppelschlaegel\/"},"modified":"2025-03-02T17:37:16","modified_gmt":"2025-03-02T16:37:16","slug":"fs-1dkinder-doppelschlaegel","status":"publish","type":"product","link":"https:\/\/peter-hess-muehle.de\/shop\/produkt\/fs-1dkinder-doppelschlaegel\/","title":{"rendered":"Kinder Doppelschl\u00e4gel, weich"},"content":{"rendered":"<p>Der Filzschl\u00e4gel hat weiche K\u00f6pfe, der sich f\u00fcr weiche und sanfte Kl\u00e4nge eignet.<\/p>\n<p>Empfohlen f\u00fcr Herz-, Gelenk-\/Universal- und Kinder-Beckenschale. F\u00fcr Kinder besonders geeignet.<\/p>\n","protected":false},"excerpt":{"rendered":"<p>ca. \u00d8 5,5 cm<br \/>\nca. \u00d8 5 cm<br \/>\nGriffl\u00e4nge: ca. 18 cm<\/p>\n","protected":false},"featured_media":4847,"template":"","meta":{"_et_pb_use_builder":"","_et_pb_old_content":"","_et_gb_content_width":""},"product_brand":[],"product_cat":[81,62,92,54],"product_tag":[],"class_list":{"0":"post-1239","1":"product","2":"type-product","3":"status-publish","4":"has-post-thumbnail","6":"product_cat-doppelschlaegel","7":"product_cat-filzschlaegel","8":"product_cat-kinder-klang","9":"product_cat-schlaegel","11":"first","12":"instock","13":"taxable","14":"shipping-taxable","15":"purchasable","16":"product-type-simple"},"_links":{"self":[{"href":"https:\/\/peter-hess-muehle.de\/shop\/wp-json\/wp\/v2\/product\/1239","targetHints":{"allow":["GET"]}}],"collection":[{"href":"https:\/\/peter-hess-muehle.de\/shop\/wp-json\/wp\/v2\/product"}],"about":[{"href":"https:\/\/peter-hess-muehle.de\/shop\/wp-json\/wp\/v2\/types\/product"}],"wp:featuredmedia":[{"embeddable":true,"href":"https:\/\/peter-hess-muehle.de\/shop\/wp-json\/wp\/v2\/media\/4847"}],"wp:attachment":[{"href":"https:\/\/peter-hess-muehle.de\/shop\/wp-json\/wp\/v2\/media?parent=1239"}],"wp:term":[{"taxonomy":"product_brand","embeddable":true,"href":"https:\/\/peter-hess-muehle.de\/shop\/wp-json\/wp\/v2\/product_brand?post=1239"},{"taxonomy":"product_cat","embeddable":true,"href":"https:\/\/peter-hess-muehle.de\/shop\/wp-json\/wp\/v2\/product_cat?post=1239"},{"taxonomy":"product_tag","embeddable":true,"href":"https:\/\/peter-hess-muehle.de\/shop\/wp-json\/wp\/v2\/product_tag?post=1239"}],"curies":[{"name":"wp","href":"https:\/\/api.w.org\/{rel}","templated":true}]}}