{"id":1245,"date":"2021-04-30T19:38:25","date_gmt":"2021-04-30T17:38:25","guid":{"rendered":"https:\/\/peter-hess-muehle.de\/shop\/produkt\/fs-4-lfilzschlaegel125x55cm\/"},"modified":"2022-03-06T10:08:34","modified_gmt":"2022-03-06T09:08:34","slug":"fs-4-lfilzschlaegel125x55cm","status":"publish","type":"product","link":"https:\/\/peter-hess-muehle.de\/shop\/produkt\/fs-4-lfilzschlaegel125x55cm\/","title":{"rendered":"Filzschl\u00e4gel f\u00fcr XL Klangschalen,10x55cm (FS-4 L)"},"content":{"rendered":"<p>Filzschl\u00e4gel mit langem Holzstiel f\u00fcr XL Klangschalen<\/p>\n","protected":false},"excerpt":{"rendered":"<p>Griffl\u00e4nge: ca. 55 cm<br \/>\nKopf: ca. 10 cm<\/p>\n","protected":false},"featured_media":1361,"template":"","meta":{"_et_pb_use_builder":"","_et_pb_old_content":"","_et_gb_content_width":""},"product_brand":[],"product_cat":[54,64],"product_tag":[],"class_list":{"0":"post-1245","1":"product","2":"type-product","3":"status-publish","4":"has-post-thumbnail","6":"product_cat-schlaegel","7":"product_cat-plueschschlaegel","9":"first","10":"instock","11":"taxable","12":"shipping-taxable","13":"purchasable","14":"product-type-simple"},"_links":{"self":[{"href":"https:\/\/peter-hess-muehle.de\/shop\/wp-json\/wp\/v2\/product\/1245","targetHints":{"allow":["GET"]}}],"collection":[{"href":"https:\/\/peter-hess-muehle.de\/shop\/wp-json\/wp\/v2\/product"}],"about":[{"href":"https:\/\/peter-hess-muehle.de\/shop\/wp-json\/wp\/v2\/types\/product"}],"wp:featuredmedia":[{"embeddable":true,"href":"https:\/\/peter-hess-muehle.de\/shop\/wp-json\/wp\/v2\/media\/1361"}],"wp:attachment":[{"href":"https:\/\/peter-hess-muehle.de\/shop\/wp-json\/wp\/v2\/media?parent=1245"}],"wp:term":[{"taxonomy":"product_brand","embeddable":true,"href":"https:\/\/peter-hess-muehle.de\/shop\/wp-json\/wp\/v2\/product_brand?post=1245"},{"taxonomy":"product_cat","embeddable":true,"href":"https:\/\/peter-hess-muehle.de\/shop\/wp-json\/wp\/v2\/product_cat?post=1245"},{"taxonomy":"product_tag","embeddable":true,"href":"https:\/\/peter-hess-muehle.de\/shop\/wp-json\/wp\/v2\/product_tag?post=1245"}],"curies":[{"name":"wp","href":"https:\/\/api.w.org\/{rel}","templated":true}]}}

Filzschlägel für XL Klangschalen,10x55cm (FS-4 L)

<p>Filzschlägel mit langem Holzstiel für XL Klangschalen</p>

<p>Grifflänge: ca. 55 cm<br />
Kopf: ca. 10 cm</p>
