{"id":1349,"date":"2021-05-04T22:13:57","date_gmt":"2021-05-04T20:13:57","guid":{"rendered":"https:\/\/peter-hess-muehle.de\/shop\/produkt\/ps-2-basic-rot\/"},"modified":"2025-02-15T23:25:29","modified_gmt":"2025-02-15T22:25:29","slug":"ps-2-basic-rot","status":"publish","type":"product","link":"https:\/\/peter-hess-muehle.de\/shop\/produkt\/ps-2-basic-rot\/","title":{"rendered":"Basic Gong Mallet PS-2, \u00d8 10 cm &#8211; rot"},"content":{"rendered":"<p>Der PS-2 Gong Mallet ist f\u00fcr sch\u00f6ne warme und tiefere Kl\u00e4nge am Gong geeignet. Mit einem Gewicht von 340g liegt er gut in der Hand und ist nicht zu schwer beim Gongspielen. Das Innenleben dieses Mallets besteht aus einem Holzkern, der dem Gong schon bei leichtem Anschlag T\u00f6ne entlockt.<\/p>\n<p>Auch bei diesem Mallet ist das Anschlagger\u00e4usch trotz des Holzkerns nicht zu h\u00f6ren.<\/p>\n","protected":false},"excerpt":{"rendered":"<p>Kopf: \u00f8 10cm<br \/>\nKopfh\u00f6he: 10cm<br \/>\nGesamtl\u00e4nge: 37cm<br \/>\nGriffl\u00e4nge: \u00f8 20 cm<br \/>\nGewicht: ca. 340g<\/p>\n","protected":false},"featured_media":4623,"template":"","meta":{"_et_pb_use_builder":"","_et_pb_old_content":"","_et_gb_content_width":""},"product_brand":[],"product_cat":[83,54],"product_tag":[],"class_list":{"0":"post-1349","1":"product","2":"type-product","3":"status-publish","4":"has-post-thumbnail","6":"product_cat-gong-mallets","7":"product_cat-schlaegel","9":"first","10":"instock","11":"taxable","12":"shipping-taxable","13":"purchasable","14":"product-type-simple"},"_links":{"self":[{"href":"https:\/\/peter-hess-muehle.de\/shop\/wp-json\/wp\/v2\/product\/1349","targetHints":{"allow":["GET"]}}],"collection":[{"href":"https:\/\/peter-hess-muehle.de\/shop\/wp-json\/wp\/v2\/product"}],"about":[{"href":"https:\/\/peter-hess-muehle.de\/shop\/wp-json\/wp\/v2\/types\/product"}],"wp:featuredmedia":[{"embeddable":true,"href":"https:\/\/peter-hess-muehle.de\/shop\/wp-json\/wp\/v2\/media\/4623"}],"wp:attachment":[{"href":"https:\/\/peter-hess-muehle.de\/shop\/wp-json\/wp\/v2\/media?parent=1349"}],"wp:term":[{"taxonomy":"product_brand","embeddable":true,"href":"https:\/\/peter-hess-muehle.de\/shop\/wp-json\/wp\/v2\/product_brand?post=1349"},{"taxonomy":"product_cat","embeddable":true,"href":"https:\/\/peter-hess-muehle.de\/shop\/wp-json\/wp\/v2\/product_cat?post=1349"},{"taxonomy":"product_tag","embeddable":true,"href":"https:\/\/peter-hess-muehle.de\/shop\/wp-json\/wp\/v2\/product_tag?post=1349"}],"curies":[{"name":"wp","href":"https:\/\/api.w.org\/{rel}","templated":true}]}}