{"id":1956,"date":"2021-05-23T22:54:21","date_gmt":"2021-05-23T20:54:21","guid":{"rendered":"https:\/\/peter-hess-muehle.de\/shop\/produkt\/kkf-10beige\/"},"modified":"2022-03-04T18:26:25","modified_gmt":"2022-03-04T17:26:25","slug":"kkf-10beige","status":"publish","type":"product","link":"https:\/\/peter-hess-muehle.de\/shop\/produkt\/kkf-10beige\/","title":{"rendered":"Baumwolluntersetzer f\u00fcr Kopfschalen (\u00d8 10 cm)"},"content":{"rendered":"<p><strong>Baumwolluntersetzer \u00d8 10 cm<\/strong><\/p>\n<p>Geeignet f\u00fcr Kopfschalen.<\/p>\n","protected":false},"excerpt":{"rendered":"<p>\u00d8: 10 cm<br \/>\nH\u00f6he: 4 cm<\/p>\n","protected":false},"featured_media":4904,"template":"","meta":{"_et_pb_use_builder":"","_et_pb_old_content":"","_et_gb_content_width":""},"product_brand":[],"product_cat":[70],"product_tag":[],"class_list":{"0":"post-1956","1":"product","2":"type-product","3":"status-publish","4":"has-post-thumbnail","6":"product_cat-baumwolluntersetzer","8":"first","9":"instock","10":"taxable","11":"shipping-taxable","12":"purchasable","13":"product-type-variable"},"_links":{"self":[{"href":"https:\/\/peter-hess-muehle.de\/shop\/wp-json\/wp\/v2\/product\/1956","targetHints":{"allow":["GET"]}}],"collection":[{"href":"https:\/\/peter-hess-muehle.de\/shop\/wp-json\/wp\/v2\/product"}],"about":[{"href":"https:\/\/peter-hess-muehle.de\/shop\/wp-json\/wp\/v2\/types\/product"}],"wp:featuredmedia":[{"embeddable":true,"href":"https:\/\/peter-hess-muehle.de\/shop\/wp-json\/wp\/v2\/media\/4904"}],"wp:attachment":[{"href":"https:\/\/peter-hess-muehle.de\/shop\/wp-json\/wp\/v2\/media?parent=1956"}],"wp:term":[{"taxonomy":"product_brand","embeddable":true,"href":"https:\/\/peter-hess-muehle.de\/shop\/wp-json\/wp\/v2\/product_brand?post=1956"},{"taxonomy":"product_cat","embeddable":true,"href":"https:\/\/peter-hess-muehle.de\/shop\/wp-json\/wp\/v2\/product_cat?post=1956"},{"taxonomy":"product_tag","embeddable":true,"href":"https:\/\/peter-hess-muehle.de\/shop\/wp-json\/wp\/v2\/product_tag?post=1956"}],"curies":[{"name":"wp","href":"https:\/\/api.w.org\/{rel}","templated":true}]}}