{"id":2639,"date":"2022-01-17T19:31:55","date_gmt":"2022-01-17T18:31:55","guid":{"rendered":"https:\/\/peter-hess-muehle.de\/shop\/produkt\/buch-mit-allen-sinnen\/"},"modified":"2022-02-18T11:23:22","modified_gmt":"2022-02-18T10:23:22","slug":"buch-mit-allen-sinnen","status":"publish","type":"product","link":"https:\/\/peter-hess-muehle.de\/shop\/produkt\/buch-mit-allen-sinnen\/","title":{"rendered":"Mit allen Sinnen spielen und lernen"},"content":{"rendered":"<p>Klangschalen &#8211; Mit allen Sinnen spielen und lernen<\/p>\n<p>Entspannung, Lern- und Wahrnehmungsf\u00f6rderung mit wohltuenden Kl\u00e4ngen:<br \/>\nDer ruhige, schwebende Rhythmus einer Klangschale wirkt sich auf K\u00f6rper, Geist und Seele harmonisierend aus. Die golden gl\u00e4nzenden Schalen laden Kinder zum Experimentieren und kreativen Spielen ein. Mit ausf\u00fchrlich bebilderten Anleitungen zeigt Ihnen dieses Buch, wie einfach und spielerisch das vielf\u00e4ltige Instrument eingesetzt werden kann.<\/p>\n<p>Peter Hess, Jahrgang 1941, ist Diplomingenieur der Physikalischen Technik und P\u00e4dagoge. Seit 1984 erforscht er die Wirkung des Klangs auf den Menschen. Im selben Jahr begann er, mit Klangschalen zu arbeiten, und entwickelte die Peter Hess\u00ae-Klangmassage, die er ab 1986 in seine Seminare integrierte. Seither wurden auf der Basis der Klangmassage zahlreiche Klangmethoden entwickelt, die einen spezialisierten Einsatz in Wellness\/Pr\u00e4vention, P\u00e4dagogik\/Beratung, Therapie sowie im Gesundheitswesen darstellen. Er hat das Peter Hess\u00ae Institut begr\u00fcndet, dem mehr als 20 Peter Hess\u00ae Akademien weltweit angeh\u00f6ren und ist Vorsitzender des Europ\u00e4ischen Fachverbandes Klang-Massage-Therapie. Als Referent, Autor und Seminarleiter ist er im In- und Ausland t\u00e4tig.<\/p>\n<p>Emily Hess, basierend auf jahrelanger Erfahrung und ihrem Wissen entwickelte sie 2001 zusammen mit Peter Hess die &#8222;Peter Hess\u00ae-Klangp\u00e4dagogik&#8220; und das Weiterbildungssystem &#8222;KliK\u00ae &#8211; Klingende Kommunikation&#8220;. Mit viel Freude kam das &#8222;Emily Hess\u00ae-Klangyoga&#8220; dazu &#8211; eine einzigartige Symbiose aus Klang und Yoga.<\/p>\n","protected":false},"excerpt":{"rendered":"<p>Peter Hess und Emily Hess<br \/>\nK\u00f6sel Verlag, 5. \u00fcberarbeitete und aktualisierte Auflage 2018<br \/>\nISBN: 978-3-466-31110-1<br \/>\nHardcover, 120 Seiten mit zahlr. Fotos<\/p>\n","protected":false},"featured_media":5067,"template":"","meta":{"_et_pb_use_builder":"","_et_pb_old_content":"","_et_gb_content_width":""},"product_brand":[],"product_cat":[58],"product_tag":[],"class_list":{"0":"post-2639","1":"product","2":"type-product","3":"status-publish","4":"has-post-thumbnail","6":"product_cat-buecher","8":"first","9":"instock","10":"taxable","11":"shipping-taxable","12":"purchasable","13":"product-type-simple"},"_links":{"self":[{"href":"https:\/\/peter-hess-muehle.de\/shop\/wp-json\/wp\/v2\/product\/2639","targetHints":{"allow":["GET"]}}],"collection":[{"href":"https:\/\/peter-hess-muehle.de\/shop\/wp-json\/wp\/v2\/product"}],"about":[{"href":"https:\/\/peter-hess-muehle.de\/shop\/wp-json\/wp\/v2\/types\/product"}],"wp:featuredmedia":[{"embeddable":true,"href":"https:\/\/peter-hess-muehle.de\/shop\/wp-json\/wp\/v2\/media\/5067"}],"wp:attachment":[{"href":"https:\/\/peter-hess-muehle.de\/shop\/wp-json\/wp\/v2\/media?parent=2639"}],"wp:term":[{"taxonomy":"product_brand","embeddable":true,"href":"https:\/\/peter-hess-muehle.de\/shop\/wp-json\/wp\/v2\/product_brand?post=2639"},{"taxonomy":"product_cat","embeddable":true,"href":"https:\/\/peter-hess-muehle.de\/shop\/wp-json\/wp\/v2\/product_cat?post=2639"},{"taxonomy":"product_tag","embeddable":true,"href":"https:\/\/peter-hess-muehle.de\/shop\/wp-json\/wp\/v2\/product_tag?post=2639"}],"curies":[{"name":"wp","href":"https:\/\/api.w.org\/{rel}","templated":true}]}}

<p>Klangschalen &#8211; Mit allen Sinnen spielen und lernen</p>
<p>Entspannung, Lern- und Wahrnehmungsförderung mit wohltuenden Klängen:<br />
Der ruhige, schwebende Rhythmus einer Klangschale wirkt sich auf Körper, Geist und Seele harmonisierend aus. Die golden glänzenden Schalen laden Kinder zum Experimentieren und kreativen Spielen ein. Mit ausführlich bebilderten Anleitungen zeigt Ihnen dieses Buch, wie einfach und spielerisch das vielfältige Instrument eingesetzt werden kann.</p>
<p>Peter Hess, Jahrgang 1941, ist Diplomingenieur der Physikalischen Technik und Pädagoge. Seit 1984 erforscht er die Wirkung des Klangs auf den Menschen. Im selben Jahr begann er, mit Klangschalen zu arbeiten, und entwickelte die Peter Hess®-Klangmassage, die er ab 1986 in seine Seminare integrierte. Seither wurden auf der Basis der Klangmassage zahlreiche Klangmethoden entwickelt, die einen spezialisierten Einsatz in Wellness/Prävention, Pädagogik/Beratung, Therapie sowie im Gesundheitswesen darstellen. Er hat das Peter Hess® Institut begründet, dem mehr als 20 Peter Hess® Akademien weltweit angehören und ist Vorsitzender des Europäischen Fachverbandes Klang-Massage-Therapie. Als Referent, Autor und Seminarleiter ist er im In- und Ausland tätig.</p>
<p>Emily Hess, basierend auf jahrelanger Erfahrung und ihrem Wissen entwickelte sie 2001 zusammen mit Peter Hess die &#8222;Peter Hess®-Klangpädagogik&#8220; und das Weiterbildungssystem &#8222;KliK® &#8211; Klingende Kommunikation&#8220;. Mit viel Freude kam das &#8222;Emily Hess®-Klangyoga&#8220; dazu &#8211; eine einzigartige Symbiose aus Klang und Yoga.</p>

<p>Peter Hess und Emily Hess<br />
Kösel Verlag, 5. überarbeitete und aktualisierte Auflage 2018<br />
ISBN: 978-3-466-31110-1<br />
Hardcover, 120 Seiten mit zahlr. Fotos</p>
