{"id":2652,"date":"2022-01-17T20:16:19","date_gmt":"2022-01-17T19:16:19","guid":{"rendered":"https:\/\/peter-hess-muehle.de\/shop\/produkt\/buchheilende-klaenge\/"},"modified":"2022-08-04T17:46:46","modified_gmt":"2022-08-04T15:46:46","slug":"buchheilende-klaenge","status":"publish","type":"product","link":"https:\/\/peter-hess-muehle.de\/shop\/produkt\/buchheilende-klaenge\/","title":{"rendered":"Heilende Kl\u00e4nge"},"content":{"rendered":"<p>Heilende Kl\u00e4nge &#8211; Der Gong in Therapie, Meditation und Sound Healing<\/p>\n<p>Der Gong hat seit \u00e4ltesten Zeiten Menschen zum Schwingen gebracht. Aus dem ostasiatischen Kulturraum kommend, hat er in den vergangenen Jahren zunehmend auch bei uns Resonanz gefunden, und dies besonders in einem Bereich, in dem es darum geht, Menschen zu ber\u00fchren; in Psychotherapie, Meditation und Selbsterfahrung.<br \/>\nDer Gong mit seinen komplexen psychophysiologischen und psychologischen Wirkungen bedarf einer differenzierten Indikationsstellung und einer kenntnisreichen Handhabung. Seine musikalischen M\u00f6glichkeiten wollen gerade in Bezug auf sein psychotherapeutisches Potential beherrscht werden, damit sich seine heilende Wirkung voll entfalten kann.<br \/>\nDer Dialog des Gongs mit der Stille f\u00fchrt \u00fcber die Worte hinaus in die eigene Tiefe und damit wird der klinisch-therapeutische Bereich \u00fcberschritten zugunsten der Er\u00f6ffnung auch anderer Erfahrungsr\u00e4ume in Meditation, Selbsterfahrung und Heilung.<br \/>\nDieses Buch bietet erstmals einen umfassenden \u00dcberblick \u00fcber die vielf\u00e4ltigen M\u00f6glichkeiten des Sound Healing mit GONG-Kl\u00e4ngen.<\/p>\n<p>Aus dem Inhalt:<\/p>\n<p>&#8211; Isabelle Frohne: Gongspiel in Geschichte und Gegenwart<br \/>\n&#8211; Hilarion Petzold: Gong-Singen, Gong-Bilder und Resonanzbewegung als \u201eSoundHealing&#8220;<br \/>\n&#8211; Jorgos Canacakis: Die Wiederentdeckung europ\u00e4ischer Gongkl\u00e4nge &#8211; Klangspuren des Gongs in der Antike<br \/>\n&#8211; Jorgos Canacakis: Gongschwingung und Gongklang in der Trauerarbeit<br \/>\n&#8211; Kristine Schneider: Gong und Imagination<br \/>\n&#8211; Michael Ranta: Gongs und die traditionellen religi\u00f6sen Instrumente in Asien<\/p>\n","protected":false},"excerpt":{"rendered":"<p>Hilarion Petzold (Hrsg.)<br \/>\nVerlag Peter Hess, Ver\u00e4nd. Neuauflage 2007<br \/>\nISBN: 978-3-938263-00-6<br \/>\nPaperback, 220 Seiten, mit 4 Farbabb., 8 SW-Abb.<\/p>\n","protected":false},"featured_media":5058,"template":"","meta":{"_et_pb_use_builder":"","_et_pb_old_content":"","_et_gb_content_width":""},"product_brand":[],"product_cat":[58],"product_tag":[],"class_list":{"0":"post-2652","1":"product","2":"type-product","3":"status-publish","4":"has-post-thumbnail","6":"product_cat-buecher","8":"first","9":"instock","10":"taxable","11":"shipping-taxable","12":"purchasable","13":"product-type-simple"},"_links":{"self":[{"href":"https:\/\/peter-hess-muehle.de\/shop\/wp-json\/wp\/v2\/product\/2652","targetHints":{"allow":["GET"]}}],"collection":[{"href":"https:\/\/peter-hess-muehle.de\/shop\/wp-json\/wp\/v2\/product"}],"about":[{"href":"https:\/\/peter-hess-muehle.de\/shop\/wp-json\/wp\/v2\/types\/product"}],"wp:featuredmedia":[{"embeddable":true,"href":"https:\/\/peter-hess-muehle.de\/shop\/wp-json\/wp\/v2\/media\/5058"}],"wp:attachment":[{"href":"https:\/\/peter-hess-muehle.de\/shop\/wp-json\/wp\/v2\/media?parent=2652"}],"wp:term":[{"taxonomy":"product_brand","embeddable":true,"href":"https:\/\/peter-hess-muehle.de\/shop\/wp-json\/wp\/v2\/product_brand?post=2652"},{"taxonomy":"product_cat","embeddable":true,"href":"https:\/\/peter-hess-muehle.de\/shop\/wp-json\/wp\/v2\/product_cat?post=2652"},{"taxonomy":"product_tag","embeddable":true,"href":"https:\/\/peter-hess-muehle.de\/shop\/wp-json\/wp\/v2\/product_tag?post=2652"}],"curies":[{"name":"wp","href":"https:\/\/api.w.org\/{rel}","templated":true}]}}