{"id":2657,"date":"2022-01-17T20:40:55","date_gmt":"2022-01-17T19:40:55","guid":{"rendered":"https:\/\/peter-hess-muehle.de\/shop\/produkt\/buchklaenge-gehen-auf-die-reis\/"},"modified":"2022-02-18T11:02:57","modified_gmt":"2022-02-18T10:02:57","slug":"buchklaenge-gehen-auf-die-reis","status":"publish","type":"product","link":"https:\/\/peter-hess-muehle.de\/shop\/produkt\/buchklaenge-gehen-auf-die-reis\/","title":{"rendered":"Kl\u00e4nge gehen auf die Reise"},"content":{"rendered":"<p>Kl\u00e4nge gehen auf die Reise<\/p>\n<p>Irmingard Philipow, ist Lehrerin i.R., Tanzleiterin f\u00fcr heilp\u00e4dagogischen Tanz und Peter Hess\u00ae-Klangmassagepraktikerin.<\/p>\n<p>Sie nahm teil an zahlreichen Fort- und Weiterbildungsveranstaltungen in Elementarer Musik- und Tanzerziehung, Kreativem Tanz, Internationaler Folklore, Musiktherapie, Darstellendem Spiel und Improvisationstheater, Peter Hess\u00ae-Klangp\u00e4dagogik und -Klangtherapie sowie Atem- und Stimmarbeit.<br \/>\nNahezu 40 Jahre arbeitete sie als Lehrerin\/Rektorin \u00fcberwiegend im Bereich der Grundschule, sowie als Fortbildungsreferentin f\u00fcr ErzieherInnen und LehrerInnen. Dar\u00fcber hinaus war sie t\u00e4tig als Leiterin f\u00fcr Kurse aller Altersstufen vom Kindergarten- bis zum Seniorenalter. Im Laufe vieler Jahre konnte sie dabei vielf\u00e4ltige Erfahrungen im Umgang mit Kindern und Erwachsenen sammeln.<br \/>\nDie Liebe zu Musik, Tanz und Darstellendem Spiel, sowie die Freude an Begegnung mit Menschen verschiedener Altersstufen gaben ihrer langj\u00e4hrigen T\u00e4tigkeit wesentliche Impulse.<\/p>\n<p>Zurzeit ist sie u.a. t\u00e4tig als Kursleiterin f\u00fcr Kinder und Erwachsene (Angebote mit Klangschalen, zur Heilkraft des Singens und im Bereich Improvisationstheater).<br \/>\nKreativer Umgang mit klang, Musik, Bewegung und bildnerischem Gestalten sind Inhalte ihrer Angebote. Zentrales Anliegen sind dabei das Anregen kreativen Handelns in verschiedenen Ausdrucksbereichen, Aktivierung verborgender Potentiale, Entspannung, sowie Achtsamkeit im Umgang miteinander.<\/p>\n","protected":false},"excerpt":{"rendered":"<p>Autorin: Irmingard Philipow<br \/>\nVerlag Peter Hess, 2011<br \/>\nISBN: 978-3938263-21-1<br \/>\nPaperback, Broschur, 27,0 x 18,8 cm, 80 Seiten, mit 24 Fotos<\/p>\n","protected":false},"featured_media":5055,"template":"","meta":{"_et_pb_use_builder":"","_et_pb_old_content":"","_et_gb_content_width":""},"product_brand":[],"product_cat":[58],"product_tag":[],"class_list":{"0":"post-2657","1":"product","2":"type-product","3":"status-publish","4":"has-post-thumbnail","6":"product_cat-buecher","8":"first","9":"instock","10":"taxable","11":"shipping-taxable","12":"purchasable","13":"product-type-simple"},"_links":{"self":[{"href":"https:\/\/peter-hess-muehle.de\/shop\/wp-json\/wp\/v2\/product\/2657","targetHints":{"allow":["GET"]}}],"collection":[{"href":"https:\/\/peter-hess-muehle.de\/shop\/wp-json\/wp\/v2\/product"}],"about":[{"href":"https:\/\/peter-hess-muehle.de\/shop\/wp-json\/wp\/v2\/types\/product"}],"wp:featuredmedia":[{"embeddable":true,"href":"https:\/\/peter-hess-muehle.de\/shop\/wp-json\/wp\/v2\/media\/5055"}],"wp:attachment":[{"href":"https:\/\/peter-hess-muehle.de\/shop\/wp-json\/wp\/v2\/media?parent=2657"}],"wp:term":[{"taxonomy":"product_brand","embeddable":true,"href":"https:\/\/peter-hess-muehle.de\/shop\/wp-json\/wp\/v2\/product_brand?post=2657"},{"taxonomy":"product_cat","embeddable":true,"href":"https:\/\/peter-hess-muehle.de\/shop\/wp-json\/wp\/v2\/product_cat?post=2657"},{"taxonomy":"product_tag","embeddable":true,"href":"https:\/\/peter-hess-muehle.de\/shop\/wp-json\/wp\/v2\/product_tag?post=2657"}],"curies":[{"name":"wp","href":"https:\/\/api.w.org\/{rel}","templated":true}]}}