{"id":2659,"date":"2022-01-17T20:52:12","date_gmt":"2022-01-17T19:52:12","guid":{"rendered":"https:\/\/peter-hess-muehle.de\/shop\/produkt\/buchklangmethoden-k-forschung\/"},"modified":"2022-02-18T11:00:00","modified_gmt":"2022-02-18T10:00:00","slug":"buchklangmethoden-k-forschung","status":"publish","type":"product","link":"https:\/\/peter-hess-muehle.de\/shop\/produkt\/buchklangmethoden-k-forschung\/","title":{"rendered":"Klangmethoden im Kontext von Forschung und Wissenschaft"},"content":{"rendered":"<p>Peter Hess-Klangmethoden im Kontext von Forschung und Wissenschaft<\/p>\n<p>Peter Hess, Jahrgang 1941, ist Diplomingenieur der Physikalischen Technik und P\u00e4dagoge. Seit 1984 erforscht er die Wirkung des Klangs auf den Menschen. Im selben Jahr begann er, mit Klangschalen zu arbeiten, und entwickelte die Peter Hess\u00ae-Klangmassage, die er ab 1986 in seine Seminare integrierte. Seither wurden auf der Basis der Klangmassage zahlreiche Klangmethoden entwickelt, die einen spezialisierten Einsatz in Wellness\/Pr\u00e4vention, P\u00e4dagogik\/Beratung, Therapie sowie im Gesundheitswesen darstellen. Er hat das Peter Hess\u00ae Institut begr\u00fcndet, dem mehr als 20 Peter Hess\u00ae Akademien weltweit angeh\u00f6ren und ist Vorsitzender des Europ\u00e4ischen Fachverbandes Klang-Massage-Therapie. Als Referent, Autor und Seminarleiter ist er im In- und Ausland t\u00e4tig.<\/p>\n<p>Zur Autorenseite: <a href=\"http:\/\/www.peter-hess-klangdesign.de\/\u00fcber-uns\/\u00fcber-peter-hess\/\">www.peter-hess-klangdesign.de\/\u00fcber-uns\/\u00fcber-peter-hess\/<\/a><\/p>\n<p>Christina M. Koller, hat an der Universit\u00e4t Bamberg zum Thema \u201eDer Einsatz von Kl\u00e4ngen in p\u00e4dagogischen Arbeitsfeldern\u201c promoviert. Sie ist langj\u00e4hrige wissenschaftliche Mitarbeiterin am Peter Hess\u00ae Institut und Mitherausgeberin verschiedener Ver\u00f6ffentlichungen im Verlag Peter Hess.<\/p>\n","protected":false},"excerpt":{"rendered":"<p>Autoren: Peter Hess und Christina M. Koller (Hrsg.)<br \/>\nVerlag Peter Hess, 2007<br \/>\nISBN: 978-3-938263-13-6<br \/>\nPaperback, Broschur, DIN A5, 220 Seiten, mit 150 Fotos und Abbildungen<\/p>\n","protected":false},"featured_media":5054,"template":"","meta":{"_et_pb_use_builder":"","_et_pb_old_content":"","_et_gb_content_width":""},"product_brand":[],"product_cat":[58],"product_tag":[],"class_list":{"0":"post-2659","1":"product","2":"type-product","3":"status-publish","4":"has-post-thumbnail","6":"product_cat-buecher","8":"first","9":"instock","10":"taxable","11":"shipping-taxable","12":"purchasable","13":"product-type-simple"},"_links":{"self":[{"href":"https:\/\/peter-hess-muehle.de\/shop\/wp-json\/wp\/v2\/product\/2659","targetHints":{"allow":["GET"]}}],"collection":[{"href":"https:\/\/peter-hess-muehle.de\/shop\/wp-json\/wp\/v2\/product"}],"about":[{"href":"https:\/\/peter-hess-muehle.de\/shop\/wp-json\/wp\/v2\/types\/product"}],"wp:featuredmedia":[{"embeddable":true,"href":"https:\/\/peter-hess-muehle.de\/shop\/wp-json\/wp\/v2\/media\/5054"}],"wp:attachment":[{"href":"https:\/\/peter-hess-muehle.de\/shop\/wp-json\/wp\/v2\/media?parent=2659"}],"wp:term":[{"taxonomy":"product_brand","embeddable":true,"href":"https:\/\/peter-hess-muehle.de\/shop\/wp-json\/wp\/v2\/product_brand?post=2659"},{"taxonomy":"product_cat","embeddable":true,"href":"https:\/\/peter-hess-muehle.de\/shop\/wp-json\/wp\/v2\/product_cat?post=2659"},{"taxonomy":"product_tag","embeddable":true,"href":"https:\/\/peter-hess-muehle.de\/shop\/wp-json\/wp\/v2\/product_tag?post=2659"}],"curies":[{"name":"wp","href":"https:\/\/api.w.org\/{rel}","templated":true}]}}