{"id":2661,"date":"2022-01-18T21:22:26","date_gmt":"2022-01-18T20:22:26","guid":{"rendered":"https:\/\/peter-hess-muehle.de\/shop\/produkt\/buchkunst-im-ritual\/"},"modified":"2022-02-18T11:00:18","modified_gmt":"2022-02-18T10:00:18","slug":"buchkunst-im-ritual","status":"publish","type":"product","link":"https:\/\/peter-hess-muehle.de\/shop\/produkt\/buchkunst-im-ritual\/","title":{"rendered":"Kunst im Ritual"},"content":{"rendered":"<p>Kunst im Ritual<\/p>\n<p>Prof. Dr. Ing. Niels Gutschow, (1941) arbeitet seit 1971 als Denkmalpfleger, Architekt und Bauhistoriker in Nepal und Indien. In Bhaktapur geht er Zusammenh\u00e4ngen von Stadtr\u00e4umen und Ritual nach. Seit 2004 lehrt er an der Universit\u00e4t Heidelberg zum Themenkomplex Stadt und Ritual.<\/p>\n","protected":false},"excerpt":{"rendered":"<p>Autor: Niels Gutschow<br \/>\nVerlag Peter Hess, 2006<br \/>\nISBN: 978-3-938263-10-5<br \/>\nHardcover, 120 Seiten, 80 Fotos und Illustrationen<\/p>\n","protected":false},"featured_media":5052,"template":"","meta":{"_et_pb_use_builder":"","_et_pb_old_content":"","_et_gb_content_width":""},"product_brand":[],"product_cat":[58],"product_tag":[],"class_list":{"0":"post-2661","1":"product","2":"type-product","3":"status-publish","4":"has-post-thumbnail","6":"product_cat-buecher","8":"first","9":"instock","10":"taxable","11":"shipping-taxable","12":"purchasable","13":"product-type-simple"},"_links":{"self":[{"href":"https:\/\/peter-hess-muehle.de\/shop\/wp-json\/wp\/v2\/product\/2661","targetHints":{"allow":["GET"]}}],"collection":[{"href":"https:\/\/peter-hess-muehle.de\/shop\/wp-json\/wp\/v2\/product"}],"about":[{"href":"https:\/\/peter-hess-muehle.de\/shop\/wp-json\/wp\/v2\/types\/product"}],"wp:featuredmedia":[{"embeddable":true,"href":"https:\/\/peter-hess-muehle.de\/shop\/wp-json\/wp\/v2\/media\/5052"}],"wp:attachment":[{"href":"https:\/\/peter-hess-muehle.de\/shop\/wp-json\/wp\/v2\/media?parent=2661"}],"wp:term":[{"taxonomy":"product_brand","embeddable":true,"href":"https:\/\/peter-hess-muehle.de\/shop\/wp-json\/wp\/v2\/product_brand?post=2661"},{"taxonomy":"product_cat","embeddable":true,"href":"https:\/\/peter-hess-muehle.de\/shop\/wp-json\/wp\/v2\/product_cat?post=2661"},{"taxonomy":"product_tag","embeddable":true,"href":"https:\/\/peter-hess-muehle.de\/shop\/wp-json\/wp\/v2\/product_tag?post=2661"}],"curies":[{"name":"wp","href":"https:\/\/api.w.org\/{rel}","templated":true}]}}