{"id":2839,"date":"2022-01-27T22:26:14","date_gmt":"2022-01-27T21:26:14","guid":{"rendered":"https:\/\/peter-hess-muehle.de\/shop\/produkt\/maeuse-filzpantoffel48bordeau\/"},"modified":"2024-09-08T13:45:16","modified_gmt":"2024-09-08T11:45:16","slug":"maeuse-filzpantoffel48bordeau","status":"publish","type":"product","link":"https:\/\/peter-hess-muehle.de\/shop\/produkt\/maeuse-filzpantoffel48bordeau\/","title":{"rendered":"M\u00e4use-Filzpantoffel, Gr\u00f6\u00dfe 48"},"content":{"rendered":"<p><strong>M\u00e4use-Filzpantoffel Gr\u00f6\u00dfe 48<\/strong><\/p>\n<p>Diese in Nepal handgefertigten Filzpantoffeln werden Ihre F\u00fcsse an kalten Tagen wohlig warm halten. Der Filz ist atmungsaktiv und bietet dem Fu\u00df ein angenehmes Klima und einen hohen Tragekomfort.<\/p>\n","protected":false},"excerpt":{"rendered":"<p>Gewicht : 200 g<br \/>\nGr\u00f6\u00dfe: 48<br \/>\nFarbe: bordeaux, grau, orange<\/p>\n","protected":false},"featured_media":4970,"template":"","meta":{"_et_pb_use_builder":"","_et_pb_old_content":"","_et_gb_content_width":""},"product_brand":[],"product_cat":[91],"product_tag":[],"class_list":{"0":"post-2839","1":"product","2":"type-product","3":"status-publish","4":"has-post-thumbnail","6":"product_cat-textilien","8":"first","9":"instock","10":"taxable","11":"shipping-taxable","12":"purchasable","13":"product-type-variable"},"_links":{"self":[{"href":"https:\/\/peter-hess-muehle.de\/shop\/wp-json\/wp\/v2\/product\/2839","targetHints":{"allow":["GET"]}}],"collection":[{"href":"https:\/\/peter-hess-muehle.de\/shop\/wp-json\/wp\/v2\/product"}],"about":[{"href":"https:\/\/peter-hess-muehle.de\/shop\/wp-json\/wp\/v2\/types\/product"}],"wp:featuredmedia":[{"embeddable":true,"href":"https:\/\/peter-hess-muehle.de\/shop\/wp-json\/wp\/v2\/media\/4970"}],"wp:attachment":[{"href":"https:\/\/peter-hess-muehle.de\/shop\/wp-json\/wp\/v2\/media?parent=2839"}],"wp:term":[{"taxonomy":"product_brand","embeddable":true,"href":"https:\/\/peter-hess-muehle.de\/shop\/wp-json\/wp\/v2\/product_brand?post=2839"},{"taxonomy":"product_cat","embeddable":true,"href":"https:\/\/peter-hess-muehle.de\/shop\/wp-json\/wp\/v2\/product_cat?post=2839"},{"taxonomy":"product_tag","embeddable":true,"href":"https:\/\/peter-hess-muehle.de\/shop\/wp-json\/wp\/v2\/product_tag?post=2839"}],"curies":[{"name":"wp","href":"https:\/\/api.w.org\/{rel}","templated":true}]}}