{"id":2919,"date":"2022-01-29T23:22:58","date_gmt":"2022-01-29T22:22:58","guid":{"rendered":"https:\/\/peter-hess-muehle.de\/shop\/produkt\/gm-kl-gongschlaegel-mittel\/"},"modified":"2022-02-26T22:22:52","modified_gmt":"2022-02-26T21:22:52","slug":"gm-kl-gongschlaegel-mittel","status":"publish","type":"product","link":"https:\/\/peter-hess-muehle.de\/shop\/produkt\/gm-kl-gongschlaegel-mittel\/","title":{"rendered":"GM-KL\/Gongschl\u00e4gel mittel"},"content":{"rendered":"<p>Der Schl\u00e4gel ist gut f\u00fcr Feng und TamTam Gongs von \u00d8 40 cm bis 90 cm geeignet.<\/p>\n","protected":false},"excerpt":{"rendered":"<p>Kopf \u00d8: 6,5 cm<br \/>\nGewicht: ca. 130 g<\/p>\n","protected":false},"featured_media":4610,"template":"","meta":{"_et_pb_use_builder":"","_et_pb_old_content":"","_et_gb_content_width":""},"product_brand":[],"product_cat":[83,76],"product_tag":[],"class_list":{"0":"post-2919","1":"product","2":"type-product","3":"status-publish","4":"has-post-thumbnail","6":"product_cat-gong-mallets","7":"product_cat-gong-schlaegel","9":"first","10":"instock","11":"taxable","12":"shipping-taxable","13":"purchasable","14":"product-type-simple"},"_links":{"self":[{"href":"https:\/\/peter-hess-muehle.de\/shop\/wp-json\/wp\/v2\/product\/2919","targetHints":{"allow":["GET"]}}],"collection":[{"href":"https:\/\/peter-hess-muehle.de\/shop\/wp-json\/wp\/v2\/product"}],"about":[{"href":"https:\/\/peter-hess-muehle.de\/shop\/wp-json\/wp\/v2\/types\/product"}],"wp:featuredmedia":[{"embeddable":true,"href":"https:\/\/peter-hess-muehle.de\/shop\/wp-json\/wp\/v2\/media\/4610"}],"wp:attachment":[{"href":"https:\/\/peter-hess-muehle.de\/shop\/wp-json\/wp\/v2\/media?parent=2919"}],"wp:term":[{"taxonomy":"product_brand","embeddable":true,"href":"https:\/\/peter-hess-muehle.de\/shop\/wp-json\/wp\/v2\/product_brand?post=2919"},{"taxonomy":"product_cat","embeddable":true,"href":"https:\/\/peter-hess-muehle.de\/shop\/wp-json\/wp\/v2\/product_cat?post=2919"},{"taxonomy":"product_tag","embeddable":true,"href":"https:\/\/peter-hess-muehle.de\/shop\/wp-json\/wp\/v2\/product_tag?post=2919"}],"curies":[{"name":"wp","href":"https:\/\/api.w.org\/{rel}","templated":true}]}}