{"id":7009,"date":"2025-11-08T21:15:14","date_gmt":"2025-11-08T20:15:14","guid":{"rendered":"https:\/\/peter-hess-muehle.de\/shop\/?post_type=product&#038;p=7009"},"modified":"2025-11-08T21:19:08","modified_gmt":"2025-11-08T20:19:08","slug":"kalimba-tragetasche-fuer-b5-instrument","status":"publish","type":"product","link":"https:\/\/peter-hess-muehle.de\/shop\/produkt\/kalimba-tragetasche-fuer-b5-instrument\/","title":{"rendered":"Kalimba Tragetasche f\u00fcr B5 Instrument"},"content":{"rendered":"<p>Die Tasche ist passend f\u00fcr das Kalimba B5 Modell gefertigt. Sie ist mit Fiberglas verst\u00e4rkt und innen rundum gepolstert. Dabei ist auch ein verstellbarer Schultergurt. Die praktische Tasche bietet perfekten Schutz beim Transport und zur Aufbewahrung.<\/p>\n","protected":false},"excerpt":{"rendered":"<p>\u2022\u00a0Material: Die Tasche ist mit <strong>Fiberglas verst\u00e4rkt<\/strong>, was eine hohe Robustheit gew\u00e4hrleistet und gleichzeitig leicht bleibt.<\/p>\n<p><strong>Abmessungen:<\/strong> 198 x 155 x 67 mm<\/p>\n","protected":false},"featured_media":7010,"template":"","meta":{"_et_pb_use_builder":"","_et_pb_old_content":"","_et_gb_content_width":""},"product_brand":[],"product_cat":[226,56],"product_tag":[],"class_list":{"0":"post-7009","1":"product","2":"type-product","3":"status-publish","4":"has-post-thumbnail","6":"product_cat-kalimba-sansula","7":"product_cat-klangspiele","9":"first","10":"instock","11":"taxable","12":"shipping-taxable","13":"purchasable","14":"product-type-simple"},"_links":{"self":[{"href":"https:\/\/peter-hess-muehle.de\/shop\/wp-json\/wp\/v2\/product\/7009","targetHints":{"allow":["GET"]}}],"collection":[{"href":"https:\/\/peter-hess-muehle.de\/shop\/wp-json\/wp\/v2\/product"}],"about":[{"href":"https:\/\/peter-hess-muehle.de\/shop\/wp-json\/wp\/v2\/types\/product"}],"wp:featuredmedia":[{"embeddable":true,"href":"https:\/\/peter-hess-muehle.de\/shop\/wp-json\/wp\/v2\/media\/7010"}],"wp:attachment":[{"href":"https:\/\/peter-hess-muehle.de\/shop\/wp-json\/wp\/v2\/media?parent=7009"}],"wp:term":[{"taxonomy":"product_brand","embeddable":true,"href":"https:\/\/peter-hess-muehle.de\/shop\/wp-json\/wp\/v2\/product_brand?post=7009"},{"taxonomy":"product_cat","embeddable":true,"href":"https:\/\/peter-hess-muehle.de\/shop\/wp-json\/wp\/v2\/product_cat?post=7009"},{"taxonomy":"product_tag","embeddable":true,"href":"https:\/\/peter-hess-muehle.de\/shop\/wp-json\/wp\/v2\/product_tag?post=7009"}],"curies":[{"name":"wp","href":"https:\/\/api.w.org\/{rel}","templated":true}]}}