{"id":999,"date":"2021-04-05T22:46:50","date_gmt":"2021-04-05T20:46:50","guid":{"rendered":"https:\/\/peter-hess-muehle.de\/shop\/produkt\/bolo-kl-beckenschalphks9-su1\/"},"modified":"2025-02-11T19:24:25","modified_gmt":"2025-02-11T18:24:25","slug":"bolo-kl-beckenschalphks9-su1","status":"publish","type":"product","link":"https:\/\/peter-hess-muehle.de\/shop\/produkt\/bolo-kl-beckenschalphks9-su1\/","title":{"rendered":"Kleine Beckenschale mit Lochausschnitt (Bolo)"},"content":{"rendered":"<p><strong>Diese Klangschale bietet ein Klangangebot vom Solarplexus bis zum Unterleib, dass sich durch verschiedene Schl\u00e4gel variieren l\u00e4sst. Besonders gut auch f\u00fcr die Klangmassage bei Kindern und Jugendlichen geeignet.<\/strong><\/p>\n<p>Der Lochausschnitt im Zentrum der Schale erm\u00f6glicht z.B. eine optimale Platzierung der Klangschale auf Knie, Schultergelenk, Ellenbogen und Fu\u00df\/Ferse.<\/p>\n","protected":false},"excerpt":{"rendered":"<p><strong>Therapie Klangschale <\/strong><strong>Bolo Spezial Klangschale<\/strong><strong> (phKS9-SU1)<\/strong><\/p>\n<p><span style=\"font-size: 16px;\">Gewicht ca.: 1500 g<br \/>\n\u00d8 ca.: 25,5 cm<br \/>\nH\u00f6he ca.: 10 cm <\/span><\/p>\n","protected":false},"featured_media":3139,"template":"","meta":{"_et_pb_use_builder":"","_et_pb_old_content":"","_et_gb_content_width":""},"product_brand":[],"product_cat":[52,93,94],"product_tag":[],"class_list":{"0":"post-999","1":"product","2":"type-product","3":"status-publish","4":"has-post-thumbnail","6":"product_cat-peter-hess-therapieklangschale","7":"product_cat-peter-hess-products-bolo-klangschalen","8":"product_cat-peter-hess-spezial-klangschalen","10":"first","11":"instock","12":"taxable","13":"shipping-taxable","14":"purchasable","15":"product-type-simple"},"_links":{"self":[{"href":"https:\/\/peter-hess-muehle.de\/shop\/wp-json\/wp\/v2\/product\/999","targetHints":{"allow":["GET"]}}],"collection":[{"href":"https:\/\/peter-hess-muehle.de\/shop\/wp-json\/wp\/v2\/product"}],"about":[{"href":"https:\/\/peter-hess-muehle.de\/shop\/wp-json\/wp\/v2\/types\/product"}],"wp:featuredmedia":[{"embeddable":true,"href":"https:\/\/peter-hess-muehle.de\/shop\/wp-json\/wp\/v2\/media\/3139"}],"wp:attachment":[{"href":"https:\/\/peter-hess-muehle.de\/shop\/wp-json\/wp\/v2\/media?parent=999"}],"wp:term":[{"taxonomy":"product_brand","embeddable":true,"href":"https:\/\/peter-hess-muehle.de\/shop\/wp-json\/wp\/v2\/product_brand?post=999"},{"taxonomy":"product_cat","embeddable":true,"href":"https:\/\/peter-hess-muehle.de\/shop\/wp-json\/wp\/v2\/product_cat?post=999"},{"taxonomy":"product_tag","embeddable":true,"href":"https:\/\/peter-hess-muehle.de\/shop\/wp-json\/wp\/v2\/product_tag?post=999"}],"curies":[{"name":"wp","href":"https:\/\/api.w.org\/{rel}","templated":true}]}}